{"id":257,"date":"2026-03-14T17:17:46","date_gmt":"2026-03-14T17:17:46","guid":{"rendered":"https:\/\/baebeauty.azdigi.shop\/?post_type=product&#038;p=257"},"modified":"2026-04-12T03:12:37","modified_gmt":"2026-04-12T03:12:37","slug":"son-li-mac-ximal-silky-matte","status":"publish","type":"product","link":"https:\/\/baebeauty.azdigi.shop\/index.php\/san-pham\/son-li-mac-ximal-silky-matte\/","title":{"rendered":"Son L\u00ec MAC Ximal Silky Matte Lipstick"},"content":{"rendered":"<h3 data-section-id=\"8ej5zn\" data-start=\"663\" data-end=\"767\">Son L\u00ec <span class=\"hover:entity-accent entity-underline inline cursor-pointer align-baseline\"><span class=\"whitespace-normal\">MAC<\/span><\/span> Ximal Silky Matte<\/h3>\n<p data-start=\"769\" data-end=\"1015\">Son MAC Ximal Silky Matte 666 Sweet Deal l\u00e0 d\u00f2ng son cao c\u1ea5p \u0111\u1ebfn t\u1eeb th\u01b0\u01a1ng hi\u1ec7u MAC n\u1ed5i ti\u1ebfng, mang \u0111\u1ebfn v\u1ebb \u0111\u1eb9p tinh t\u1ebf v\u1edbi s\u1eafc h\u1ed3ng nude nh\u1eb9 nh\u00e0ng. \u0110\u00e2y l\u00e0 l\u1ef1a ch\u1ecdn ho\u00e0n h\u1ea3o cho nh\u1eefng ai y\u00eau th\u00edch phong c\u00e1ch trang \u0111i\u1ec3m t\u1ef1 nhi\u00ean nh\u01b0ng v\u1eabn cu\u1ed1n h\u00fat.<\/p>\n<p data-start=\"769\" data-end=\"1015\"><img loading=\"lazy\" decoding=\"async\" class=\"aligncenter\" src=\"https:\/\/cdn.vuahanghieu.com\/unsafe\/0x0\/left\/top\/smart\/filters:quality(90)\/https:\/\/admin.vuahanghieu.com\/upload\/news\/content\/2025\/12\/son-li-mac-ximal-silky-matte-lipstick-666-sweet-deal-mau-hong-nude-1-jpg-1765158501-08122025084821.jpg\" alt=\"Son L\u00ec MAC Ximal Silky Matte Lipstick 666 Sweet Deal M\u00e0u H\u1ed3ng Nude\" width=\"414\" height=\"414\" \/><\/p>\n<h3 data-section-id=\"h2gg87\" data-start=\"1022\" data-end=\"1075\">Thi\u1ebft K\u1ebf Son MAC Ximal Silky Matte 666 Sweet Deal<\/h3>\n<p data-start=\"1077\" data-end=\"1241\">Bao b\u00ec c\u1ee7a son MAC Ximal Silky Matte 666 Sweet Deal kh\u00f4ng thay \u0111\u1ed5i qu\u00e1 nhi\u1ec1u so v\u1edbi phi\u00ean b\u1ea3n tr\u01b0\u1edbc, nh\u01b0ng \u0111\u01b0\u1ee3c c\u1ea3i ti\u1ebfn tinh t\u1ebf \u0111\u1ec3 n\u00e2ng cao tr\u1ea3i nghi\u1ec7m ng\u01b0\u1eddi d\u00f9ng.<\/p>\n<ul data-start=\"1243\" data-end=\"1484\">\n<li data-section-id=\"1gc9tjz\" data-start=\"1243\" data-end=\"1303\">B\u1ec1 m\u1eb7t v\u1ecf son \u0111\u01b0\u1ee3c l\u00e0m b\u00f3ng h\u01a1n, t\u1ea1o c\u1ea3m gi\u00e1c sang tr\u1ecdng<\/li>\n<li data-section-id=\"axq1l\" data-start=\"1304\" data-end=\"1388\">Logo MAC \u0111\u01b0\u1ee3c di chuy\u1ec3n l\u00ean ph\u1ea7n n\u1ed1i gi\u1eefa th\u00e2n v\u00e0 n\u1eafp son, t\u1ea1o \u0111i\u1ec3m nh\u1ea5n \u0111\u1ed9c \u0111\u00e1o<\/li>\n<li data-section-id=\"1pcc9q1\" data-start=\"1389\" data-end=\"1484\">\u0110\u1ea7u son \u0111\u01b0\u1ee3c thi\u1ebft k\u1ebf c\u1eaft v\u00e1t l\u1edbn h\u01a1n, d\u1eadp n\u1ed5i logo MAC, gi\u00fap thao t\u00e1c d\u1ec5 d\u00e0ng v\u00e0 ch\u00ednh x\u00e1c<\/li>\n<\/ul>\n<p data-start=\"1486\" data-end=\"1552\">T\u1ed5ng th\u1ec3 thi\u1ebft k\u1ebf mang l\u1ea1i c\u1ea3m gi\u00e1c cao c\u1ea5p, ch\u1eafc tay khi s\u1eed d\u1ee5ng.<\/p>\n<p data-start=\"1486\" data-end=\"1552\"><img loading=\"lazy\" decoding=\"async\" class=\"aligncenter\" src=\"https:\/\/cdn.vuahanghieu.com\/unsafe\/0x0\/left\/top\/smart\/filters:quality(90)\/https:\/\/admin.vuahanghieu.com\/upload\/news\/content\/2025\/12\/son-li-mac-ximal-silky-matte-lipstick-666-sweet-deal-mau-hong-nude-3-jpg-1765158618-08122025085018.jpg\" alt=\"Son L\u00ec MAC Ximal Silky Matte Lipstick 666 Sweet Deal M\u00e0u H\u1ed3ng Nude\" width=\"440\" height=\"440\" \/><\/p>\n<h3 data-section-id=\"nxh11\" data-start=\"1559\" data-end=\"1607\">M\u00e0u Son MAC Ximal Silky Matte 666 Sweet Deal<\/h3>\n<p data-start=\"1609\" data-end=\"1722\">Son MAC Ximal Silky Matte 666 Sweet Deal s\u1edf h\u1eefu t\u00f4ng <strong data-start=\"1662\" data-end=\"1685\">h\u1ed3ng nude nh\u1eb9 nh\u00e0ng<\/strong>, kh\u00f4ng qu\u00e1 tr\u1ea7m c\u0169ng kh\u00f4ng qu\u00e1 s\u00e1ng.<\/p>\n<ul data-start=\"1724\" data-end=\"1884\">\n<li data-section-id=\"1f578rc\" data-start=\"1724\" data-end=\"1753\">Ph\u00f9 h\u1ee3p v\u1edbi nhi\u1ec1u tone da<\/li>\n<li data-section-id=\"22jw9k\" data-start=\"1754\" data-end=\"1794\">D\u1ec5 s\u1eed d\u1ee5ng h\u1eb1ng ng\u00e0y, \u0111i h\u1ecdc, \u0111i l\u00e0m<\/li>\n<li data-section-id=\"kz0xh7\" data-start=\"1795\" data-end=\"1841\">C\u00f3 th\u1ec3 \u0111\u00e1nh l\u00f2ng m\u00f4i ho\u1eb7c full m\u00f4i \u0111\u1ec1u \u0111\u1eb9p<\/li>\n<li data-section-id=\"h78d1q\" data-start=\"1842\" data-end=\"1884\">D\u1ec5 d\u00e0ng layer nhi\u1ec1u l\u1edbp \u0111\u1ec3 t\u0103ng \u0111\u1ed9 \u0111\u1eadm<\/li>\n<\/ul>\n<p data-start=\"1886\" data-end=\"1962\">\u0110\u00e2y l\u00e0 m\u00e0u son \u201cqu\u1ed1c d\u00e2n\u201d gi\u00fap g\u01b0\u01a1ng m\u1eb7t tr\u1edf n\u00ean t\u01b0\u01a1i t\u1eafn v\u00e0 thanh l\u1ecbch h\u01a1n.<\/p>\n<h3 data-section-id=\"1fxdjyv\" data-start=\"1969\" data-end=\"2018\">Ch\u1ea5t Son MAC Ximal Silky Matte 666 Sweet Deal<\/h3>\n<p data-start=\"2020\" data-end=\"2119\">Thu\u1ed9c d\u00f2ng Matte c\u1ea3i ti\u1ebfn, son MAC Ximal Silky Matte 666 Sweet Deal mang l\u1ea1i tr\u1ea3i nghi\u1ec7m v\u01b0\u1ee3t tr\u1ed9i:<\/p>\n<ul data-start=\"2121\" data-end=\"2278\">\n<li data-section-id=\"1n84uvu\" data-start=\"2121\" data-end=\"2164\">Ch\u1ea5t son l\u00ec nh\u01b0ng <strong data-start=\"2141\" data-end=\"2162\">kh\u00f4ng g\u00e2y kh\u00f4 m\u00f4i<\/strong><\/li>\n<li data-section-id=\"u8fpnu\" data-start=\"2165\" data-end=\"2203\">K\u1ebft c\u1ea5u nh\u1eb9, m\u1ecbn, l\u01b0\u1edbt \u00eam tr\u00ean m\u00f4i<\/li>\n<li data-section-id=\"1sk25rh\" data-start=\"2204\" data-end=\"2246\">Kh\u00f4ng l\u1ed9 v\u00e2n m\u00f4i, kh\u00f4ng b\u1ed9t, kh\u00f4ng v\u00f3n<\/li>\n<li data-section-id=\"1nexxca\" data-start=\"2247\" data-end=\"2278\">Che ph\u1ee7 t\u1ed1t khuy\u1ebft \u0111i\u1ec3m m\u00f4i<\/li>\n<\/ul>\n<p data-start=\"2280\" data-end=\"2358\">\u0110\u1eb7c bi\u1ec7t, son c\u00f2n c\u00f3 kh\u1ea3 n\u0103ng d\u01b0\u1ee1ng \u1ea9m nh\u1eb9, gi\u00fap m\u00f4i lu\u00f4n m\u1ec1m m\u1ea1i v\u00e0 c\u0103ng m\u1ecbn.<\/p>\n<p data-start=\"2280\" data-end=\"2358\"><img loading=\"lazy\" decoding=\"async\" class=\"aligncenter\" src=\"https:\/\/cdn.vuahanghieu.com\/unsafe\/0x0\/left\/top\/smart\/filters:quality(90)\/https:\/\/admin.vuahanghieu.com\/upload\/news\/content\/2025\/12\/son-li-mac-ximal-silky-matte-lipstick-666-sweet-deal-mau-hong-nude-2-jpg-1765158710-08122025085150.jpg\" alt=\"Son L\u00ec MAC Ximal Silky Matte Lipstick 666 Sweet Deal M\u00e0u H\u1ed3ng Nude\" width=\"509\" height=\"509\" \/><\/p>\n<h3 data-section-id=\"bieoe1\" data-start=\"2365\" data-end=\"2379\">\u0110\u1ed9 B\u00e1m M\u00e0u<\/h3>\n<p data-start=\"2381\" data-end=\"2445\">Son MAC Ximal Silky Matte 666 Sweet Deal c\u00f3 \u0111\u1ed9 b\u00e1m m\u00e0u \u1ea5n t\u01b0\u1ee3ng:<\/p>\n<ul data-start=\"2447\" data-end=\"2555\">\n<li data-section-id=\"1fuy5lk\" data-start=\"2447\" data-end=\"2477\">Gi\u1eef m\u00e0u t\u1eeb <strong data-start=\"2460\" data-end=\"2475\">6 \u2013 8 ti\u1ebfng<\/strong><\/li>\n<li data-section-id=\"1h98u8v\" data-start=\"2478\" data-end=\"2505\">\u00cdt tr\u00f4i khi \u0103n u\u1ed1ng nh\u1eb9<\/li>\n<li data-section-id=\"1u67l2q\" data-start=\"2506\" data-end=\"2555\">M\u00e0u son v\u1eabn gi\u1eef \u0111\u01b0\u1ee3c l\u1edbp n\u1ec1n \u0111\u1eb9p sau khi phai<\/li>\n<\/ul>\n<h3 data-section-id=\"1vqfrx8\" data-start=\"2562\" data-end=\"2574\">K\u1ebft Lu\u1eadn<\/h3>\n<p data-start=\"2576\" data-end=\"2824\">Son MAC Ximal Silky Matte 666 Sweet Deal l\u00e0 l\u1ef1a ch\u1ecdn l\u00fd t\u01b0\u1edfng cho nh\u1eefng ai y\u00eau th\u00edch m\u00e0u son nh\u1eb9 nh\u00e0ng, d\u1ec5 d\u00f9ng h\u1eb1ng ng\u00e0y. V\u1edbi thi\u1ebft k\u1ebf sang tr\u1ecdng, ch\u1ea5t son m\u1ecbn l\u00ec v\u00e0 kh\u1ea3 n\u0103ng b\u00e1m m\u00e0u t\u1ed1t, \u0111\u00e2y ch\u1eafc ch\u1eafn l\u00e0 th\u1ecfi son \u0111\u00e1ng c\u00f3 trong t\u00fai makeup c\u1ee7a b\u1ea1n.<\/p>\n<p data-start=\"1558\" data-end=\"1875\">B\u1ea1n c\u00f3 th\u1ec3 tham kh\u1ea3o th\u00eam th\u00f4ng tin t\u1ea1i website ch\u00ednh th\u1ee9c:<br data-start=\"1478\" data-end=\"1481\" \/><a class=\"decorated-link\" href=\"https:\/\/www.maccosmetics.com\" target=\"_new\" rel=\"noopener\" data-start=\"1481\" data-end=\"1509\">https:\/\/www.maccosmetics.com<\/a><\/p>\n<p data-start=\"1558\" data-end=\"1875\">\n","protected":false},"excerpt":{"rendered":"<p>Son <strong data-start=\"35\" data-end=\"82\">MAC Silky Matte 665 Ring The Alarm \u2013 M\u00e0u \u0110\u1ecf<\/strong> s\u1edf h\u1eefu s\u1eafc \u0111\u1ecf n\u1ed5i b\u1eadt gi\u00fap t\u00f4n da v\u00e0 l\u00e0m b\u1eebng s\u00e1ng g\u01b0\u01a1ng m\u1eb7t. Ch\u1ea5t son matte m\u1ecbn nh\u01b0 nhung, l\u00ean m\u00e0u chu\u1ea9n ngay t\u1eeb l\u1ea7n thoa \u0111\u1ea7u ti\u00ean nh\u01b0ng v\u1eabn gi\u1eef \u0111\u01b0\u1ee3c \u0111\u1ed9 m\u1ec1m m\u01b0\u1ee3t, kh\u00f4ng g\u00e2y kh\u00f4 m\u00f4i. Thi\u1ebft k\u1ebf sang tr\u1ecdng c\u00f9ng kh\u1ea3 n\u0103ng b\u00e1m m\u00e0u t\u1ed1t gi\u00fap son ph\u00f9 h\u1ee3p cho nhi\u1ec1u phong c\u00e1ch trang \u0111i\u1ec3m, t\u1eeb nh\u1eb9 nh\u00e0ng h\u1eb1ng ng\u00e0y \u0111\u1ebfn quy\u1ebfn r\u0169, n\u1ed5i b\u1eadt.<\/p>\n","protected":false},"featured_media":646,"comment_status":"open","ping_status":"closed","template":"","meta":[],"product_brand":[50],"product_cat":[27],"product_tag":[187,186,188,190,189],"class_list":{"0":"post-257","1":"product","2":"type-product","3":"status-publish","4":"has-post-thumbnail","6":"product_brand-m-a-c","7":"product_cat-son-moi","8":"product_tag-son-mac-665-do-hong","9":"product_tag-son-mac-666-sweet-deal","10":"product_tag-son-mac-chinh-hang","11":"product_tag-son-mac-li-lau-troi","12":"product_tag-son-mac-mau-hong-nude","14":"first","15":"instock","16":"sale","17":"shipping-taxable","18":"purchasable","19":"product-type-variable"},"yoast_head":"<!-- This site is optimized with the Yoast SEO plugin v27.1.1 - https:\/\/yoast.com\/product\/yoast-seo-wordpress\/ -->\n<title>Son L\u00ec MAC Ximal Silky Matte Lipstick - baebeauty<\/title>\n<meta name=\"description\" content=\"Kh\u00e1m ph\u00e1 son l\u00ec MAC Ximal Silky Matte 666 Sweet Deal m\u00e0u h\u1ed3ng nude nh\u1eb9 nh\u00e0ng, ch\u1ea5t son m\u1ecbn l\u00ec, d\u01b0\u1ee1ng \u1ea9m, b\u00e1m m\u00e0u 6-8 gi\u1edd, thi\u1ebft k\u1ebf sang tr\u1ecdng.\" \/>\n<meta name=\"robots\" content=\"index, follow, max-snippet:-1, max-image-preview:large, max-video-preview:-1\" \/>\n<link rel=\"canonical\" href=\"https:\/\/baebeauty.azdigi.shop\/index.php\/san-pham\/son-li-mac-ximal-silky-matte\/\" \/>\n<meta property=\"og:locale\" content=\"vi_VN\" \/>\n<meta property=\"og:type\" content=\"article\" \/>\n<meta property=\"og:title\" content=\"Son L\u00ec MAC Ximal Silky Matte Lipstick - baebeauty\" \/>\n<meta property=\"og:description\" content=\"Kh\u00e1m ph\u00e1 son l\u00ec MAC Ximal Silky Matte 666 Sweet Deal m\u00e0u h\u1ed3ng nude nh\u1eb9 nh\u00e0ng, ch\u1ea5t son m\u1ecbn l\u00ec, d\u01b0\u1ee1ng \u1ea9m, b\u00e1m m\u00e0u 6-8 gi\u1edd, thi\u1ebft k\u1ebf sang tr\u1ecdng.\" \/>\n<meta property=\"og:url\" content=\"https:\/\/baebeauty.azdigi.shop\/index.php\/san-pham\/son-li-mac-ximal-silky-matte\/\" \/>\n<meta property=\"og:site_name\" content=\"baebeauty\" \/>\n<meta property=\"article:modified_time\" content=\"2026-04-12T03:12:37+00:00\" \/>\n<meta property=\"og:image\" content=\"https:\/\/baebeauty.azdigi.shop\/wp-content\/uploads\/2026\/03\/son-li-mac-ximal-silky-matte-lipstick-666-sweet-deal-mau-hong-nude-69362e4871f44-08122025084752.webp\" \/>\n\t<meta property=\"og:image:width\" content=\"500\" \/>\n\t<meta property=\"og:image:height\" content=\"500\" \/>\n\t<meta property=\"og:image:type\" content=\"image\/webp\" \/>\n<meta name=\"twitter:card\" content=\"summary_large_image\" \/>\n<meta name=\"twitter:label1\" content=\"\u01af\u1edbc t\u00ednh th\u1eddi gian \u0111\u1ecdc\" \/>\n\t<meta name=\"twitter:data1\" content=\"4 ph\u00fat\" \/>\n<script type=\"application\/ld+json\" class=\"yoast-schema-graph\">{\"@context\":\"https:\/\/schema.org\",\"@graph\":[{\"@type\":\"WebPage\",\"@id\":\"https:\/\/baebeauty.azdigi.shop\/index.php\/san-pham\/son-li-mac-ximal-silky-matte\/\",\"url\":\"https:\/\/baebeauty.azdigi.shop\/index.php\/san-pham\/son-li-mac-ximal-silky-matte\/\",\"name\":\"Son L\u00ec MAC Ximal Silky Matte Lipstick - baebeauty\",\"isPartOf\":{\"@id\":\"https:\/\/baebeauty.azdigi.shop\/#website\"},\"primaryImageOfPage\":{\"@id\":\"https:\/\/baebeauty.azdigi.shop\/index.php\/san-pham\/son-li-mac-ximal-silky-matte\/#primaryimage\"},\"image\":{\"@id\":\"https:\/\/baebeauty.azdigi.shop\/index.php\/san-pham\/son-li-mac-ximal-silky-matte\/#primaryimage\"},\"thumbnailUrl\":\"https:\/\/baebeauty.azdigi.shop\/wp-content\/uploads\/2026\/03\/son-li-mac-ximal-silky-matte-lipstick-666-sweet-deal-mau-hong-nude-69362e4871f44-08122025084752.webp\",\"datePublished\":\"2026-03-14T17:17:46+00:00\",\"dateModified\":\"2026-04-12T03:12:37+00:00\",\"description\":\"Kh\u00e1m ph\u00e1 son l\u00ec MAC Ximal Silky Matte 666 Sweet Deal m\u00e0u h\u1ed3ng nude nh\u1eb9 nh\u00e0ng, ch\u1ea5t son m\u1ecbn l\u00ec, d\u01b0\u1ee1ng \u1ea9m, b\u00e1m m\u00e0u 6-8 gi\u1edd, thi\u1ebft k\u1ebf sang tr\u1ecdng.\",\"breadcrumb\":{\"@id\":\"https:\/\/baebeauty.azdigi.shop\/index.php\/san-pham\/son-li-mac-ximal-silky-matte\/#breadcrumb\"},\"inLanguage\":\"vi\",\"potentialAction\":[{\"@type\":\"ReadAction\",\"target\":[\"https:\/\/baebeauty.azdigi.shop\/index.php\/san-pham\/son-li-mac-ximal-silky-matte\/\"]}]},{\"@type\":\"ImageObject\",\"inLanguage\":\"vi\",\"@id\":\"https:\/\/baebeauty.azdigi.shop\/index.php\/san-pham\/son-li-mac-ximal-silky-matte\/#primaryimage\",\"url\":\"https:\/\/baebeauty.azdigi.shop\/wp-content\/uploads\/2026\/03\/son-li-mac-ximal-silky-matte-lipstick-666-sweet-deal-mau-hong-nude-69362e4871f44-08122025084752.webp\",\"contentUrl\":\"https:\/\/baebeauty.azdigi.shop\/wp-content\/uploads\/2026\/03\/son-li-mac-ximal-silky-matte-lipstick-666-sweet-deal-mau-hong-nude-69362e4871f44-08122025084752.webp\",\"width\":500,\"height\":500},{\"@type\":\"BreadcrumbList\",\"@id\":\"https:\/\/baebeauty.azdigi.shop\/index.php\/san-pham\/son-li-mac-ximal-silky-matte\/#breadcrumb\",\"itemListElement\":[{\"@type\":\"ListItem\",\"position\":1,\"name\":\"Trang ch\u1ee7\",\"item\":\"https:\/\/baebeauty.azdigi.shop\/\"},{\"@type\":\"ListItem\",\"position\":2,\"name\":\"C\u1eeda h\u00e0ng\",\"item\":\"https:\/\/baebeauty.azdigi.shop\/index.php\/cua-hang\/\"},{\"@type\":\"ListItem\",\"position\":3,\"name\":\"Son L\u00ec MAC Ximal Silky Matte Lipstick\"}]},{\"@type\":\"WebSite\",\"@id\":\"https:\/\/baebeauty.azdigi.shop\/#website\",\"url\":\"https:\/\/baebeauty.azdigi.shop\/\",\"name\":\"baebeauty\",\"description\":\"\",\"potentialAction\":[{\"@type\":\"SearchAction\",\"target\":{\"@type\":\"EntryPoint\",\"urlTemplate\":\"https:\/\/baebeauty.azdigi.shop\/?s={search_term_string}\"},\"query-input\":{\"@type\":\"PropertyValueSpecification\",\"valueRequired\":true,\"valueName\":\"search_term_string\"}}],\"inLanguage\":\"vi\"}]}<\/script>\n<!-- \/ Yoast SEO plugin. -->","yoast_head_json":{"title":"Son L\u00ec MAC Ximal Silky Matte Lipstick - baebeauty","description":"Kh\u00e1m ph\u00e1 son l\u00ec MAC Ximal Silky Matte 666 Sweet Deal m\u00e0u h\u1ed3ng nude nh\u1eb9 nh\u00e0ng, ch\u1ea5t son m\u1ecbn l\u00ec, d\u01b0\u1ee1ng \u1ea9m, b\u00e1m m\u00e0u 6-8 gi\u1edd, thi\u1ebft k\u1ebf sang tr\u1ecdng.","robots":{"index":"index","follow":"follow","max-snippet":"max-snippet:-1","max-image-preview":"max-image-preview:large","max-video-preview":"max-video-preview:-1"},"canonical":"https:\/\/baebeauty.azdigi.shop\/index.php\/san-pham\/son-li-mac-ximal-silky-matte\/","og_locale":"vi_VN","og_type":"article","og_title":"Son L\u00ec MAC Ximal Silky Matte Lipstick - baebeauty","og_description":"Kh\u00e1m ph\u00e1 son l\u00ec MAC Ximal Silky Matte 666 Sweet Deal m\u00e0u h\u1ed3ng nude nh\u1eb9 nh\u00e0ng, ch\u1ea5t son m\u1ecbn l\u00ec, d\u01b0\u1ee1ng \u1ea9m, b\u00e1m m\u00e0u 6-8 gi\u1edd, thi\u1ebft k\u1ebf sang tr\u1ecdng.","og_url":"https:\/\/baebeauty.azdigi.shop\/index.php\/san-pham\/son-li-mac-ximal-silky-matte\/","og_site_name":"baebeauty","article_modified_time":"2026-04-12T03:12:37+00:00","og_image":[{"width":500,"height":500,"url":"https:\/\/baebeauty.azdigi.shop\/wp-content\/uploads\/2026\/03\/son-li-mac-ximal-silky-matte-lipstick-666-sweet-deal-mau-hong-nude-69362e4871f44-08122025084752.webp","type":"image\/webp"}],"twitter_card":"summary_large_image","twitter_misc":{"\u01af\u1edbc t\u00ednh th\u1eddi gian \u0111\u1ecdc":"4 ph\u00fat"},"schema":{"@context":"https:\/\/schema.org","@graph":[{"@type":"WebPage","@id":"https:\/\/baebeauty.azdigi.shop\/index.php\/san-pham\/son-li-mac-ximal-silky-matte\/","url":"https:\/\/baebeauty.azdigi.shop\/index.php\/san-pham\/son-li-mac-ximal-silky-matte\/","name":"Son L\u00ec MAC Ximal Silky Matte Lipstick - baebeauty","isPartOf":{"@id":"https:\/\/baebeauty.azdigi.shop\/#website"},"primaryImageOfPage":{"@id":"https:\/\/baebeauty.azdigi.shop\/index.php\/san-pham\/son-li-mac-ximal-silky-matte\/#primaryimage"},"image":{"@id":"https:\/\/baebeauty.azdigi.shop\/index.php\/san-pham\/son-li-mac-ximal-silky-matte\/#primaryimage"},"thumbnailUrl":"https:\/\/baebeauty.azdigi.shop\/wp-content\/uploads\/2026\/03\/son-li-mac-ximal-silky-matte-lipstick-666-sweet-deal-mau-hong-nude-69362e4871f44-08122025084752.webp","datePublished":"2026-03-14T17:17:46+00:00","dateModified":"2026-04-12T03:12:37+00:00","description":"Kh\u00e1m ph\u00e1 son l\u00ec MAC Ximal Silky Matte 666 Sweet Deal m\u00e0u h\u1ed3ng nude nh\u1eb9 nh\u00e0ng, ch\u1ea5t son m\u1ecbn l\u00ec, d\u01b0\u1ee1ng \u1ea9m, b\u00e1m m\u00e0u 6-8 gi\u1edd, thi\u1ebft k\u1ebf sang tr\u1ecdng.","breadcrumb":{"@id":"https:\/\/baebeauty.azdigi.shop\/index.php\/san-pham\/son-li-mac-ximal-silky-matte\/#breadcrumb"},"inLanguage":"vi","potentialAction":[{"@type":"ReadAction","target":["https:\/\/baebeauty.azdigi.shop\/index.php\/san-pham\/son-li-mac-ximal-silky-matte\/"]}]},{"@type":"ImageObject","inLanguage":"vi","@id":"https:\/\/baebeauty.azdigi.shop\/index.php\/san-pham\/son-li-mac-ximal-silky-matte\/#primaryimage","url":"https:\/\/baebeauty.azdigi.shop\/wp-content\/uploads\/2026\/03\/son-li-mac-ximal-silky-matte-lipstick-666-sweet-deal-mau-hong-nude-69362e4871f44-08122025084752.webp","contentUrl":"https:\/\/baebeauty.azdigi.shop\/wp-content\/uploads\/2026\/03\/son-li-mac-ximal-silky-matte-lipstick-666-sweet-deal-mau-hong-nude-69362e4871f44-08122025084752.webp","width":500,"height":500},{"@type":"BreadcrumbList","@id":"https:\/\/baebeauty.azdigi.shop\/index.php\/san-pham\/son-li-mac-ximal-silky-matte\/#breadcrumb","itemListElement":[{"@type":"ListItem","position":1,"name":"Trang ch\u1ee7","item":"https:\/\/baebeauty.azdigi.shop\/"},{"@type":"ListItem","position":2,"name":"C\u1eeda h\u00e0ng","item":"https:\/\/baebeauty.azdigi.shop\/index.php\/cua-hang\/"},{"@type":"ListItem","position":3,"name":"Son L\u00ec MAC Ximal Silky Matte Lipstick"}]},{"@type":"WebSite","@id":"https:\/\/baebeauty.azdigi.shop\/#website","url":"https:\/\/baebeauty.azdigi.shop\/","name":"baebeauty","description":"","potentialAction":[{"@type":"SearchAction","target":{"@type":"EntryPoint","urlTemplate":"https:\/\/baebeauty.azdigi.shop\/?s={search_term_string}"},"query-input":{"@type":"PropertyValueSpecification","valueRequired":true,"valueName":"search_term_string"}}],"inLanguage":"vi"}]}},"_links":{"self":[{"href":"https:\/\/baebeauty.azdigi.shop\/index.php\/wp-json\/wp\/v2\/product\/257","targetHints":{"allow":["GET"]}}],"collection":[{"href":"https:\/\/baebeauty.azdigi.shop\/index.php\/wp-json\/wp\/v2\/product"}],"about":[{"href":"https:\/\/baebeauty.azdigi.shop\/index.php\/wp-json\/wp\/v2\/types\/product"}],"replies":[{"embeddable":true,"href":"https:\/\/baebeauty.azdigi.shop\/index.php\/wp-json\/wp\/v2\/comments?post=257"}],"wp:featuredmedia":[{"embeddable":true,"href":"https:\/\/baebeauty.azdigi.shop\/index.php\/wp-json\/wp\/v2\/media\/646"}],"wp:attachment":[{"href":"https:\/\/baebeauty.azdigi.shop\/index.php\/wp-json\/wp\/v2\/media?parent=257"}],"wp:term":[{"taxonomy":"product_brand","embeddable":true,"href":"https:\/\/baebeauty.azdigi.shop\/index.php\/wp-json\/wp\/v2\/product_brand?post=257"},{"taxonomy":"product_cat","embeddable":true,"href":"https:\/\/baebeauty.azdigi.shop\/index.php\/wp-json\/wp\/v2\/product_cat?post=257"},{"taxonomy":"product_tag","embeddable":true,"href":"https:\/\/baebeauty.azdigi.shop\/index.php\/wp-json\/wp\/v2\/product_tag?post=257"}],"curies":[{"name":"wp","href":"https:\/\/api.w.org\/{rel}","templated":true}]}}