{"id":270,"date":"2026-03-15T13:26:52","date_gmt":"2026-03-15T13:26:52","guid":{"rendered":"https:\/\/baebeauty.azdigi.shop\/?post_type=product&#038;p=270"},"modified":"2026-04-09T12:41:59","modified_gmt":"2026-04-09T12:41:59","slug":"son-bobbi-brown-luxe-lipstick-afternoon-tea","status":"publish","type":"product","link":"https:\/\/baebeauty.azdigi.shop\/index.php\/san-pham\/son-bobbi-brown-luxe-lipstick-afternoon-tea\/","title":{"rendered":"Son Bobbi Brown Afternoon Tea"},"content":{"rendered":"<p><strong data-start=\"438\" data-end=\"471\">Son Bobbi Brown Afternoon Tea<\/strong> l\u00e0 th\u1ecfi son cao c\u1ea5p \u0111\u1ebfn t\u1eeb th\u01b0\u01a1ng hi\u1ec7u <strong data-start=\"511\" data-end=\"552\"><span class=\"hover:entity-accent entity-underline inline cursor-pointer align-baseline\"><span class=\"whitespace-normal\">Bobbi Brown<\/span><\/span><\/strong> n\u1ed5i ti\u1ebfng. M\u00e0u son cam tr\u00e0 s\u1eefa nh\u1eb9 nh\u00e0ng, thanh l\u1ecbch gi\u00fap g\u01b0\u01a1ng m\u1eb7t tr\u1edf n\u00ean t\u01b0\u01a1i t\u1eafn v\u00e0 r\u1ea1ng r\u1ee1 h\u01a1n. Son Bobbi Brown Afternoon Tea c\u00f3 ch\u1ea5t son m\u1ec1m m\u1ecbn, l\u00ean m\u00e0u chu\u1ea9n v\u00e0 kh\u00f4ng l\u00e0m kh\u00f4 m\u00f4i.<\/p>\n<p>&nbsp;<\/p>\n<p><img loading=\"lazy\" decoding=\"async\" class=\"alignnone wp-image-273 size-medium\" src=\"https:\/\/baebeauty.azdigi.shop\/wp-content\/uploads\/2026\/03\/son-bobbi-brown-luxe-lipstick-mau-afternoon-tea-cam-tra-sua-69ae6649e7732-09032026131849-300x300.webp\" alt=\"son Bobbi Brown Afternoon Tea cam tr\u00e0 s\u1eefa\" width=\"300\" height=\"300\" srcset=\"https:\/\/baebeauty.azdigi.shop\/wp-content\/uploads\/2026\/03\/son-bobbi-brown-luxe-lipstick-mau-afternoon-tea-cam-tra-sua-69ae6649e7732-09032026131849-300x300.webp 300w, https:\/\/baebeauty.azdigi.shop\/wp-content\/uploads\/2026\/03\/son-bobbi-brown-luxe-lipstick-mau-afternoon-tea-cam-tra-sua-69ae6649e7732-09032026131849-150x150.webp 150w, https:\/\/baebeauty.azdigi.shop\/wp-content\/uploads\/2026\/03\/son-bobbi-brown-luxe-lipstick-mau-afternoon-tea-cam-tra-sua-69ae6649e7732-09032026131849-768x768.webp 768w, https:\/\/baebeauty.azdigi.shop\/wp-content\/uploads\/2026\/03\/son-bobbi-brown-luxe-lipstick-mau-afternoon-tea-cam-tra-sua-69ae6649e7732-09032026131849-600x600.webp 600w, https:\/\/baebeauty.azdigi.shop\/wp-content\/uploads\/2026\/03\/son-bobbi-brown-luxe-lipstick-mau-afternoon-tea-cam-tra-sua-69ae6649e7732-09032026131849-100x100.webp 100w, https:\/\/baebeauty.azdigi.shop\/wp-content\/uploads\/2026\/03\/son-bobbi-brown-luxe-lipstick-mau-afternoon-tea-cam-tra-sua-69ae6649e7732-09032026131849.webp 900w\" sizes=\"auto, (max-width: 300px) 100vw, 300px\" \/><\/p>\n<h2><strong>Thi\u1ebft k\u1ebf Son Bobbi Brown Afternoon Tea sang tr\u1ecdng<\/strong><\/h2>\n<p><strong>Th\u1ecfi Son Bobbi Brown Luxe Lipstick Afternoon Tea Cam Tr\u00e0 S\u1eefa \u00a0<\/strong>c\u00f3 thi\u1ebft k\u1ebf \u0111\u01a1n gi\u1ea3n nh\u01b0ng v\u1eabn sang tr\u1ecdng v\u00e0 c\u00f3 s\u1ee9c quy\u1ebfn r\u0169 v\u1edbi ph\u00e1i \u0111\u1eb9p. Son c\u00f3 thi\u1ebft k\u1ebf v\u1ecf ngo\u00e0i m\u00e0u v\u00e0ng v\u00e0 tr\u00ean th\u00e2n son c\u00f3 t\u00ean th\u01b0\u01a1ng hi\u1ec7u n\u1ed5i b\u1eadt. Th\u1ecfi son c\u1ea7m r\u1ea5t b\u1eaft v\u00e0 n\u1eb7ng tay, v\u1eefng ch\u1eafc. C\u1ea7m tr\u00ean tay th\u1ecfi son m\u1edbi th\u1ea5y \u0111\u01b0\u1ee3c s\u1ef1 tinh t\u1ebf v\u00e0 t\u1ec9 m\u1ec9 m\u00e0 nh\u00e0 Bobbi Brown \u0111\u00e3 t\u1ea1o n\u00ean.<\/p>\n<p><img loading=\"lazy\" decoding=\"async\" class=\"alignnone wp-image-274 size-medium\" src=\"https:\/\/baebeauty.azdigi.shop\/wp-content\/uploads\/2026\/03\/son-bobbi-brown-luxe-lipstick-mau-afternoon-tea-cam-tra-sua-69ae6649e7fb3-09032026131849-300x300.webp\" alt=\"son Bobbi Brown Afternoon Tea cam tr\u00e0 s\u1eefa\" width=\"300\" height=\"300\" srcset=\"https:\/\/baebeauty.azdigi.shop\/wp-content\/uploads\/2026\/03\/son-bobbi-brown-luxe-lipstick-mau-afternoon-tea-cam-tra-sua-69ae6649e7fb3-09032026131849-300x300.webp 300w, https:\/\/baebeauty.azdigi.shop\/wp-content\/uploads\/2026\/03\/son-bobbi-brown-luxe-lipstick-mau-afternoon-tea-cam-tra-sua-69ae6649e7fb3-09032026131849-150x150.webp 150w, https:\/\/baebeauty.azdigi.shop\/wp-content\/uploads\/2026\/03\/son-bobbi-brown-luxe-lipstick-mau-afternoon-tea-cam-tra-sua-69ae6649e7fb3-09032026131849-768x768.webp 768w, https:\/\/baebeauty.azdigi.shop\/wp-content\/uploads\/2026\/03\/son-bobbi-brown-luxe-lipstick-mau-afternoon-tea-cam-tra-sua-69ae6649e7fb3-09032026131849-600x600.webp 600w, https:\/\/baebeauty.azdigi.shop\/wp-content\/uploads\/2026\/03\/son-bobbi-brown-luxe-lipstick-mau-afternoon-tea-cam-tra-sua-69ae6649e7fb3-09032026131849-100x100.webp 100w, https:\/\/baebeauty.azdigi.shop\/wp-content\/uploads\/2026\/03\/son-bobbi-brown-luxe-lipstick-mau-afternoon-tea-cam-tra-sua-69ae6649e7fb3-09032026131849.webp 900w\" sizes=\"auto, (max-width: 300px) 100vw, 300px\" \/><\/p>\n<h2><strong>M\u00e0u son Bobbi Brown Afternoon Tea cam tr\u00e0 s\u1eefa trendy<\/strong><\/h2>\n<p>M\u00e0u son cam tr\u00e0 s\u1eefa l\u00e0 s\u1ef1 k\u1ebft h\u1ee3p t\u00f4ng cam thi\u00ean n\u1ea5u \u0111\u1ea5t \u0111\u1ea7y l\u00f4i cu\u1ed1n m\u00e0 c\u00f4 g\u00e1i n\u00e0o c\u0169ng \u01b0\u1edbc ao s\u1edf h\u1eefu. Son h\u1ed9i t\u1ee5 \u0111\u1ee7 s\u1ef1 quy\u1ebfn r\u0169, th\u1eddi th\u01b0\u1ee3ng, s\u1eafc cam pha ch\u00fat \u00e1nh n\u00e2u \u0111\u1eb9p quy\u1ebfn r\u0169, h\u1ea5p d\u1eabn m\u00e0 n\u00e0ng n\u00e0o d\u00f9ng c\u0169ng ghi\u1ec1n. Son ph\u00f9 h\u1ee3p v\u1edbi nhi\u1ec1u tone m\u00e0u da kh\u00e1c nhau d\u00f9 b\u1ea1n l\u00e0 c\u00f4 n\u00e0ng da tr\u1eafng hay da h\u01a1i ng\u0103m c\u0169ng c\u00f3 th\u1ec3 d\u00f9ng m\u00e0u son n\u00e0y nh\u00e9.<\/p>\n<p>Hi\u1ec7u qu\u1ea3 m\u00e0u s\u1eafc m\u00e0 son Bobbi Brown<strong>\u00a0<\/strong>mang l\u1ea1i c\u1ef1c cao, d\u01b0\u1ee1ng \u1ea9m s\u00e2u, cho hi\u1ec7u \u1ee9ng m\u00e0u son \u0111\u1eb9p. C\u1ea3m gi\u00e1c d\u00f9ng son nh\u1eb9 b\u1eabng, nh\u01b0 ch\u1eb3ng h\u1ec1 thoa g\u00ec tr\u00ean m\u00f4i. V\u1edbi th\u00e0nh ph\u1ea7n l\u00e0nh t\u00ednh, thi\u00ean nhi\u00ean, b\u1ea3o sao l\u01b0\u1edbt son c\u00e1i l\u00e0 cho b\u1edd m\u00f4i b\u1eebng s\u00e1ng nhanh ch\u00f3ng.<\/p>\n<p><img loading=\"lazy\" decoding=\"async\" class=\"alignnone wp-image-271 size-medium\" src=\"https:\/\/baebeauty.azdigi.shop\/wp-content\/uploads\/2026\/03\/son-bobbi-brown-luxe-lipstick-mau-afternoon-tea-cam-tra-sua-69ae6649e840b-09032026131849-300x300.webp\" alt=\"son Bobbi Brown Afternoon Tea cam tr\u00e0 s\u1eefa\" width=\"300\" height=\"300\" srcset=\"https:\/\/baebeauty.azdigi.shop\/wp-content\/uploads\/2026\/03\/son-bobbi-brown-luxe-lipstick-mau-afternoon-tea-cam-tra-sua-69ae6649e840b-09032026131849-300x300.webp 300w, https:\/\/baebeauty.azdigi.shop\/wp-content\/uploads\/2026\/03\/son-bobbi-brown-luxe-lipstick-mau-afternoon-tea-cam-tra-sua-69ae6649e840b-09032026131849-150x150.webp 150w, https:\/\/baebeauty.azdigi.shop\/wp-content\/uploads\/2026\/03\/son-bobbi-brown-luxe-lipstick-mau-afternoon-tea-cam-tra-sua-69ae6649e840b-09032026131849-768x768.webp 768w, https:\/\/baebeauty.azdigi.shop\/wp-content\/uploads\/2026\/03\/son-bobbi-brown-luxe-lipstick-mau-afternoon-tea-cam-tra-sua-69ae6649e840b-09032026131849-600x600.webp 600w, https:\/\/baebeauty.azdigi.shop\/wp-content\/uploads\/2026\/03\/son-bobbi-brown-luxe-lipstick-mau-afternoon-tea-cam-tra-sua-69ae6649e840b-09032026131849-100x100.webp 100w, https:\/\/baebeauty.azdigi.shop\/wp-content\/uploads\/2026\/03\/son-bobbi-brown-luxe-lipstick-mau-afternoon-tea-cam-tra-sua-69ae6649e840b-09032026131849.webp 900w\" sizes=\"auto, (max-width: 300px) 100vw, 300px\" \/><\/p>\n<h2 data-start=\"1006\" data-end=\"1052\"><strong data-start=\"1006\" data-end=\"1052\">Ch\u1ea5t son Bobbi Brown Afternoon Tea m\u1ec1m m\u1ecbn<\/strong><\/h2>\n<p>V\u1edbi ch\u1ea5t son m\u1ec1m, \u0111\u1ea7y \u0111\u1eb7n, cho m\u00f4i lu\u00f4n c\u0103ng v\u00e0 c\u00f3 s\u1ee9c h\u00fat \u0111\u1eb7c bi\u1ec7t.\u00a0<strong>Bobbi Brown Lipstick Afternoon Tea<\/strong><strong>\u00a0<\/strong>cho \u0111\u00f4i m\u00f4i m\u1ec1m m\u01b0\u1edbt, sang tr\u1ecdng v\u00e0 xinh x\u1eafn. \u0110\u1ed9 b\u1ec1n m\u00e0u son l\u00ean \u0111\u1ebfn 8h (t\u00f9y t\u00ecnh tr\u1ea1ng \u0103n u\u1ed1ng) gi\u1eef cho \u0111\u00f4i m\u00f4i b\u1ea1n lu\u00f4n t\u01b0\u01a1i t\u1eafn.<\/p>\n<h2><strong>H\u01b0\u1edbng d\u1eabn s\u1eed d\u1ee5ng v\u00e0 b\u1ea3o qu\u1ea3n:<\/strong><\/h2>\n<p>&#8211; D\u00f9ng c\u1ecd ho\u1eb7c thoa tr\u1ef1c ti\u1ebfp l\u00ean m\u00f4i<\/p>\n<p>&#8211; B\u1ea3o qu\u1ea3n n\u01a1i kh\u00f4 r\u00e1o, tho\u00e1ng m\u00e1t, tr\u00e1nh \u00e1nh n\u1eafng tr\u1ef1c ti\u1ebfp v\u00e0 nhi\u1ec7t \u0111\u1ed9 cao.<\/p>\n<p>&#8211; \u0110\u1ec3 xa t\u1ea7m tay tr\u1ebb em<\/p>\n<p>B\u1ea1n c\u00f3 th\u1ec3 tham kh\u1ea3o th\u00eam th\u00f4ng tin chi ti\u1ebft v\u1ec1 s\u1ea3n ph\u1ea9m tr\u00ean\u00a0<strong data-start=\"501\" data-end=\"539\">website ch\u00ednh h\u00e3ng c\u1ee7a Bobbi Brown:\u00a0<a href=\"https:\/\/www.bobbibrowncosmetics.com\/\">https:\/\/www.bobbibrowncosmetics.com<\/a><\/strong><\/p>\n","protected":false},"excerpt":{"rendered":"<p>Son <span class=\"hover:entity-accent entity-underline inline cursor-pointer align-baseline\"><span class=\"whitespace-normal\">Bobbi Brown<\/span><\/span> Luxe Lipstick m\u00e0u Afternoon Tea mang s\u1eafc <strong data-start=\"860\" data-end=\"899\">cam tr\u00e0 s\u1eefa nh\u1eb9 nh\u00e0ng v\u00e0 thanh l\u1ecbch<\/strong>, ph\u00f9 h\u1ee3p v\u1edbi nhi\u1ec1u phong c\u00e1ch trang \u0111i\u1ec3m. Ch\u1ea5t son m\u1ec1m m\u1ecbn, gi\u00e0u d\u01b0\u1ee1ng gi\u00fap m\u00f4i lu\u00f4n \u1ea9m m\u01b0\u1ee3t, l\u00ean m\u00e0u chu\u1ea9n v\u00e0 t\u1ea1o c\u1ea3m gi\u00e1c tho\u1ea3i m\u00e1i khi s\u1eed d\u1ee5ng.<\/p>\n","protected":false},"featured_media":275,"comment_status":"open","ping_status":"closed","template":"","meta":[],"product_brand":[51],"product_cat":[27],"product_tag":[60,59,61,62,24,63],"class_list":{"0":"post-270","1":"product","2":"type-product","3":"status-publish","4":"has-post-thumbnail","6":"product_brand-bobbi-brown","7":"product_cat-son-moi","8":"product_tag-bobbi-brown-luxe-lipstick","9":"product_tag-son-bobbi-brown","10":"product_tag-son-bobbi-brown-afternoon-tea","11":"product_tag-son-cam-tra-sua","12":"product_tag-son-cao-cap","13":"product_tag-son-moi-bobbi-brown","15":"first","16":"instock","17":"sale","18":"shipping-taxable","19":"purchasable","20":"product-type-variable"},"yoast_head":"<!-- This site is optimized with the Yoast SEO plugin v27.1.1 - https:\/\/yoast.com\/product\/yoast-seo-wordpress\/ -->\n<title>Son Bobbi Brown Afternoon Tea - baebeauty<\/title>\n<meta name=\"description\" content=\"Son **Bobbi Brown Afternoon Tea m\u00e0u cam tr\u00e0 s\u1eefa nh\u1eb9 nh\u00e0ng, ch\u1ea5t son m\u1ec1m m\u1ecbn, l\u00ean m\u00e0u chu\u1ea9n gi\u00fap \u0111\u00f4i m\u00f4i c\u0103ng m\u1ecdng v\u00e0 t\u1ef1 nhi\u00ean.\" \/>\n<meta name=\"robots\" content=\"index, follow, max-snippet:-1, max-image-preview:large, max-video-preview:-1\" \/>\n<link rel=\"canonical\" href=\"https:\/\/baebeauty.azdigi.shop\/index.php\/san-pham\/son-bobbi-brown-luxe-lipstick-afternoon-tea\/\" \/>\n<meta property=\"og:locale\" content=\"vi_VN\" \/>\n<meta property=\"og:type\" content=\"article\" \/>\n<meta property=\"og:title\" content=\"Son Bobbi Brown Afternoon Tea - baebeauty\" \/>\n<meta property=\"og:description\" content=\"Son **Bobbi Brown Afternoon Tea m\u00e0u cam tr\u00e0 s\u1eefa nh\u1eb9 nh\u00e0ng, ch\u1ea5t son m\u1ec1m m\u1ecbn, l\u00ean m\u00e0u chu\u1ea9n gi\u00fap \u0111\u00f4i m\u00f4i c\u0103ng m\u1ecdng v\u00e0 t\u1ef1 nhi\u00ean.\" \/>\n<meta property=\"og:url\" content=\"https:\/\/baebeauty.azdigi.shop\/index.php\/san-pham\/son-bobbi-brown-luxe-lipstick-afternoon-tea\/\" \/>\n<meta property=\"og:site_name\" content=\"baebeauty\" \/>\n<meta property=\"article:modified_time\" content=\"2026-04-09T12:41:59+00:00\" \/>\n<meta property=\"og:image\" content=\"https:\/\/baebeauty.azdigi.shop\/wp-content\/uploads\/2026\/03\/son-bobbi-brown-luxe-lipstick-mau-afternoon-tea-cam-tra-sua-69ae6649e8b17-09032026131849.webp\" \/>\n\t<meta property=\"og:image:width\" content=\"500\" \/>\n\t<meta property=\"og:image:height\" content=\"500\" \/>\n\t<meta property=\"og:image:type\" content=\"image\/webp\" \/>\n<meta name=\"twitter:card\" content=\"summary_large_image\" \/>\n<meta name=\"twitter:label1\" content=\"\u01af\u1edbc t\u00ednh th\u1eddi gian \u0111\u1ecdc\" \/>\n\t<meta name=\"twitter:data1\" content=\"4 ph\u00fat\" \/>\n<script type=\"application\/ld+json\" class=\"yoast-schema-graph\">{\"@context\":\"https:\/\/schema.org\",\"@graph\":[{\"@type\":\"WebPage\",\"@id\":\"https:\/\/baebeauty.azdigi.shop\/index.php\/san-pham\/son-bobbi-brown-luxe-lipstick-afternoon-tea\/\",\"url\":\"https:\/\/baebeauty.azdigi.shop\/index.php\/san-pham\/son-bobbi-brown-luxe-lipstick-afternoon-tea\/\",\"name\":\"Son Bobbi Brown Afternoon Tea - baebeauty\",\"isPartOf\":{\"@id\":\"https:\/\/baebeauty.azdigi.shop\/#website\"},\"primaryImageOfPage\":{\"@id\":\"https:\/\/baebeauty.azdigi.shop\/index.php\/san-pham\/son-bobbi-brown-luxe-lipstick-afternoon-tea\/#primaryimage\"},\"image\":{\"@id\":\"https:\/\/baebeauty.azdigi.shop\/index.php\/san-pham\/son-bobbi-brown-luxe-lipstick-afternoon-tea\/#primaryimage\"},\"thumbnailUrl\":\"https:\/\/baebeauty.azdigi.shop\/wp-content\/uploads\/2026\/03\/son-bobbi-brown-luxe-lipstick-mau-afternoon-tea-cam-tra-sua-69ae6649e8b17-09032026131849.webp\",\"datePublished\":\"2026-03-15T13:26:52+00:00\",\"dateModified\":\"2026-04-09T12:41:59+00:00\",\"description\":\"Son **Bobbi Brown Afternoon Tea m\u00e0u cam tr\u00e0 s\u1eefa nh\u1eb9 nh\u00e0ng, ch\u1ea5t son m\u1ec1m m\u1ecbn, l\u00ean m\u00e0u chu\u1ea9n gi\u00fap \u0111\u00f4i m\u00f4i c\u0103ng m\u1ecdng v\u00e0 t\u1ef1 nhi\u00ean.\",\"breadcrumb\":{\"@id\":\"https:\/\/baebeauty.azdigi.shop\/index.php\/san-pham\/son-bobbi-brown-luxe-lipstick-afternoon-tea\/#breadcrumb\"},\"inLanguage\":\"vi\",\"potentialAction\":[{\"@type\":\"ReadAction\",\"target\":[\"https:\/\/baebeauty.azdigi.shop\/index.php\/san-pham\/son-bobbi-brown-luxe-lipstick-afternoon-tea\/\"]}]},{\"@type\":\"ImageObject\",\"inLanguage\":\"vi\",\"@id\":\"https:\/\/baebeauty.azdigi.shop\/index.php\/san-pham\/son-bobbi-brown-luxe-lipstick-afternoon-tea\/#primaryimage\",\"url\":\"https:\/\/baebeauty.azdigi.shop\/wp-content\/uploads\/2026\/03\/son-bobbi-brown-luxe-lipstick-mau-afternoon-tea-cam-tra-sua-69ae6649e8b17-09032026131849.webp\",\"contentUrl\":\"https:\/\/baebeauty.azdigi.shop\/wp-content\/uploads\/2026\/03\/son-bobbi-brown-luxe-lipstick-mau-afternoon-tea-cam-tra-sua-69ae6649e8b17-09032026131849.webp\",\"width\":500,\"height\":500},{\"@type\":\"BreadcrumbList\",\"@id\":\"https:\/\/baebeauty.azdigi.shop\/index.php\/san-pham\/son-bobbi-brown-luxe-lipstick-afternoon-tea\/#breadcrumb\",\"itemListElement\":[{\"@type\":\"ListItem\",\"position\":1,\"name\":\"Trang ch\u1ee7\",\"item\":\"https:\/\/baebeauty.azdigi.shop\/\"},{\"@type\":\"ListItem\",\"position\":2,\"name\":\"C\u1eeda h\u00e0ng\",\"item\":\"https:\/\/baebeauty.azdigi.shop\/index.php\/cua-hang\/\"},{\"@type\":\"ListItem\",\"position\":3,\"name\":\"Son Bobbi Brown Afternoon Tea\"}]},{\"@type\":\"WebSite\",\"@id\":\"https:\/\/baebeauty.azdigi.shop\/#website\",\"url\":\"https:\/\/baebeauty.azdigi.shop\/\",\"name\":\"baebeauty\",\"description\":\"\",\"potentialAction\":[{\"@type\":\"SearchAction\",\"target\":{\"@type\":\"EntryPoint\",\"urlTemplate\":\"https:\/\/baebeauty.azdigi.shop\/?s={search_term_string}\"},\"query-input\":{\"@type\":\"PropertyValueSpecification\",\"valueRequired\":true,\"valueName\":\"search_term_string\"}}],\"inLanguage\":\"vi\"}]}<\/script>\n<!-- \/ Yoast SEO plugin. -->","yoast_head_json":{"title":"Son Bobbi Brown Afternoon Tea - baebeauty","description":"Son **Bobbi Brown Afternoon Tea m\u00e0u cam tr\u00e0 s\u1eefa nh\u1eb9 nh\u00e0ng, ch\u1ea5t son m\u1ec1m m\u1ecbn, l\u00ean m\u00e0u chu\u1ea9n gi\u00fap \u0111\u00f4i m\u00f4i c\u0103ng m\u1ecdng v\u00e0 t\u1ef1 nhi\u00ean.","robots":{"index":"index","follow":"follow","max-snippet":"max-snippet:-1","max-image-preview":"max-image-preview:large","max-video-preview":"max-video-preview:-1"},"canonical":"https:\/\/baebeauty.azdigi.shop\/index.php\/san-pham\/son-bobbi-brown-luxe-lipstick-afternoon-tea\/","og_locale":"vi_VN","og_type":"article","og_title":"Son Bobbi Brown Afternoon Tea - baebeauty","og_description":"Son **Bobbi Brown Afternoon Tea m\u00e0u cam tr\u00e0 s\u1eefa nh\u1eb9 nh\u00e0ng, ch\u1ea5t son m\u1ec1m m\u1ecbn, l\u00ean m\u00e0u chu\u1ea9n gi\u00fap \u0111\u00f4i m\u00f4i c\u0103ng m\u1ecdng v\u00e0 t\u1ef1 nhi\u00ean.","og_url":"https:\/\/baebeauty.azdigi.shop\/index.php\/san-pham\/son-bobbi-brown-luxe-lipstick-afternoon-tea\/","og_site_name":"baebeauty","article_modified_time":"2026-04-09T12:41:59+00:00","og_image":[{"width":500,"height":500,"url":"https:\/\/baebeauty.azdigi.shop\/wp-content\/uploads\/2026\/03\/son-bobbi-brown-luxe-lipstick-mau-afternoon-tea-cam-tra-sua-69ae6649e8b17-09032026131849.webp","type":"image\/webp"}],"twitter_card":"summary_large_image","twitter_misc":{"\u01af\u1edbc t\u00ednh th\u1eddi gian \u0111\u1ecdc":"4 ph\u00fat"},"schema":{"@context":"https:\/\/schema.org","@graph":[{"@type":"WebPage","@id":"https:\/\/baebeauty.azdigi.shop\/index.php\/san-pham\/son-bobbi-brown-luxe-lipstick-afternoon-tea\/","url":"https:\/\/baebeauty.azdigi.shop\/index.php\/san-pham\/son-bobbi-brown-luxe-lipstick-afternoon-tea\/","name":"Son Bobbi Brown Afternoon Tea - baebeauty","isPartOf":{"@id":"https:\/\/baebeauty.azdigi.shop\/#website"},"primaryImageOfPage":{"@id":"https:\/\/baebeauty.azdigi.shop\/index.php\/san-pham\/son-bobbi-brown-luxe-lipstick-afternoon-tea\/#primaryimage"},"image":{"@id":"https:\/\/baebeauty.azdigi.shop\/index.php\/san-pham\/son-bobbi-brown-luxe-lipstick-afternoon-tea\/#primaryimage"},"thumbnailUrl":"https:\/\/baebeauty.azdigi.shop\/wp-content\/uploads\/2026\/03\/son-bobbi-brown-luxe-lipstick-mau-afternoon-tea-cam-tra-sua-69ae6649e8b17-09032026131849.webp","datePublished":"2026-03-15T13:26:52+00:00","dateModified":"2026-04-09T12:41:59+00:00","description":"Son **Bobbi Brown Afternoon Tea m\u00e0u cam tr\u00e0 s\u1eefa nh\u1eb9 nh\u00e0ng, ch\u1ea5t son m\u1ec1m m\u1ecbn, l\u00ean m\u00e0u chu\u1ea9n gi\u00fap \u0111\u00f4i m\u00f4i c\u0103ng m\u1ecdng v\u00e0 t\u1ef1 nhi\u00ean.","breadcrumb":{"@id":"https:\/\/baebeauty.azdigi.shop\/index.php\/san-pham\/son-bobbi-brown-luxe-lipstick-afternoon-tea\/#breadcrumb"},"inLanguage":"vi","potentialAction":[{"@type":"ReadAction","target":["https:\/\/baebeauty.azdigi.shop\/index.php\/san-pham\/son-bobbi-brown-luxe-lipstick-afternoon-tea\/"]}]},{"@type":"ImageObject","inLanguage":"vi","@id":"https:\/\/baebeauty.azdigi.shop\/index.php\/san-pham\/son-bobbi-brown-luxe-lipstick-afternoon-tea\/#primaryimage","url":"https:\/\/baebeauty.azdigi.shop\/wp-content\/uploads\/2026\/03\/son-bobbi-brown-luxe-lipstick-mau-afternoon-tea-cam-tra-sua-69ae6649e8b17-09032026131849.webp","contentUrl":"https:\/\/baebeauty.azdigi.shop\/wp-content\/uploads\/2026\/03\/son-bobbi-brown-luxe-lipstick-mau-afternoon-tea-cam-tra-sua-69ae6649e8b17-09032026131849.webp","width":500,"height":500},{"@type":"BreadcrumbList","@id":"https:\/\/baebeauty.azdigi.shop\/index.php\/san-pham\/son-bobbi-brown-luxe-lipstick-afternoon-tea\/#breadcrumb","itemListElement":[{"@type":"ListItem","position":1,"name":"Trang ch\u1ee7","item":"https:\/\/baebeauty.azdigi.shop\/"},{"@type":"ListItem","position":2,"name":"C\u1eeda h\u00e0ng","item":"https:\/\/baebeauty.azdigi.shop\/index.php\/cua-hang\/"},{"@type":"ListItem","position":3,"name":"Son Bobbi Brown Afternoon Tea"}]},{"@type":"WebSite","@id":"https:\/\/baebeauty.azdigi.shop\/#website","url":"https:\/\/baebeauty.azdigi.shop\/","name":"baebeauty","description":"","potentialAction":[{"@type":"SearchAction","target":{"@type":"EntryPoint","urlTemplate":"https:\/\/baebeauty.azdigi.shop\/?s={search_term_string}"},"query-input":{"@type":"PropertyValueSpecification","valueRequired":true,"valueName":"search_term_string"}}],"inLanguage":"vi"}]}},"_links":{"self":[{"href":"https:\/\/baebeauty.azdigi.shop\/index.php\/wp-json\/wp\/v2\/product\/270","targetHints":{"allow":["GET"]}}],"collection":[{"href":"https:\/\/baebeauty.azdigi.shop\/index.php\/wp-json\/wp\/v2\/product"}],"about":[{"href":"https:\/\/baebeauty.azdigi.shop\/index.php\/wp-json\/wp\/v2\/types\/product"}],"replies":[{"embeddable":true,"href":"https:\/\/baebeauty.azdigi.shop\/index.php\/wp-json\/wp\/v2\/comments?post=270"}],"wp:featuredmedia":[{"embeddable":true,"href":"https:\/\/baebeauty.azdigi.shop\/index.php\/wp-json\/wp\/v2\/media\/275"}],"wp:attachment":[{"href":"https:\/\/baebeauty.azdigi.shop\/index.php\/wp-json\/wp\/v2\/media?parent=270"}],"wp:term":[{"taxonomy":"product_brand","embeddable":true,"href":"https:\/\/baebeauty.azdigi.shop\/index.php\/wp-json\/wp\/v2\/product_brand?post=270"},{"taxonomy":"product_cat","embeddable":true,"href":"https:\/\/baebeauty.azdigi.shop\/index.php\/wp-json\/wp\/v2\/product_cat?post=270"},{"taxonomy":"product_tag","embeddable":true,"href":"https:\/\/baebeauty.azdigi.shop\/index.php\/wp-json\/wp\/v2\/product_tag?post=270"}],"curies":[{"name":"wp","href":"https:\/\/api.w.org\/{rel}","templated":true}]}}